{"id":2315,"date":"2005-03-26T15:27:35","date_gmt":"2005-03-26T14:27:35","guid":{"rendered":"http:\/\/lehrerrundmail.de\/wordpress\/eintragen\/"},"modified":"2020-01-07T20:30:27","modified_gmt":"2020-01-07T19:30:27","slug":"eintragen","status":"publish","type":"page","link":"https:\/\/lehrerrundmail.de\/wordpress\/eintragen\/","title":{"rendered":"Eintragen"},"content":{"rendered":"<p><figure id=\"attachment_2397\" aria-describedby=\"caption-attachment-2397\" style=\"width: 300px\" class=\"wp-caption alignright\"><a href=\"https:\/\/lehrer.markab.uberspace.de\/lists\/?p=subscribe&amp;id=1\"><img loading=\"lazy\" decoding=\"async\" src=\"http:\/\/lehrer.markab.uberspace.de\/wordpress\/wp-content\/uploads\/2005\/03\/post-198856_6401-300x225.jpg\" alt=\"Post von der Lehrerrundmail\" width=\"300\" height=\"225\" class=\"size-medium wp-image-2397\" srcset=\"https:\/\/lehrerrundmail.de\/wordpress\/wp-content\/uploads\/2005\/03\/post-198856_6401-300x225.jpg 300w, https:\/\/lehrerrundmail.de\/wordpress\/wp-content\/uploads\/2005\/03\/post-198856_6401.jpg 640w\" sizes=\"auto, (max-width: 300px) 100vw, 300px\" \/><\/a><figcaption id=\"caption-attachment-2397\" class=\"wp-caption-text\">Post von der Lehrerrundmail<\/figcaption><\/figure>Nat&uuml;rlich nehme ich gerne noch Interessenten (auch aus anderen Schularten, Bundesl\u00e4ndern, &#8230;) in den E-Mail-Verteiler der Lehrerrundmail auf. <del datetime=\"2020-01-07T19:29:18+00:00\">Folgen Sie mir auf <a href=\"https:\/\/lehrerrundmail.de\/lists\/?p=subscribe&#038;id=11\">diese (mit https verschl\u00fcsselte) Seite<\/a><\/del>.<br \/>\nAufgrund &#8222;kleiner&#8220; Software-Probleme ist momentan eine Eintragung f\u00fcr den Newsletter nicht m\u00f6glich. Ein Versand meinerseits \u00fcbrigens auch nicht&#8230; \ud83d\ude41\n<\/p>\n<p><em>Ich werde die eingetragenen E-Mail-Adressen garantiert nicht weitergeben. Sie verbleiben ausschlie\u00dflich auf dem Server der Lehrerrundmail und werden von mir nicht an Drittanbieter gegeben, outgesourct, verkauft, versteigert oder anderweitig verh\u00f6kert &#8211; allenfalls <a href=\"http:\/\/lehrerrundmail.de\/wordpress\/index.php\/2009\/12\/lehrerrundmail-trottelei\/\">aus Versehen gel\u00f6scht<\/a>.<\/em><\/p>\n<p>&nbsp;<\/p>","protected":false},"excerpt":{"rendered":"<p>Nat&uuml;rlich nehme ich gerne noch Interessenten (auch aus anderen Schularten, Bundesl\u00e4ndern, &#8230;) in den E-Mail-Verteiler der Lehrerrundmail auf. Folgen Sie mir auf diese (mit https verschl\u00fcsselte) Seite. Aufgrund &#8222;kleiner&#8220; Software-Probleme ist momentan eine Eintragung f\u00fcr<\/p>\n","protected":false},"author":1,"featured_media":2397,"parent":0,"menu_order":0,"comment_status":"open","ping_status":"closed","template":"","meta":{"footnotes":""},"class_list":["post-2315","page","type-page","status-publish","has-post-thumbnail","hentry"],"_links":{"self":[{"href":"https:\/\/lehrerrundmail.de\/wordpress\/wp-json\/wp\/v2\/pages\/2315","targetHints":{"allow":["GET"]}}],"collection":[{"href":"https:\/\/lehrerrundmail.de\/wordpress\/wp-json\/wp\/v2\/pages"}],"about":[{"href":"https:\/\/lehrerrundmail.de\/wordpress\/wp-json\/wp\/v2\/types\/page"}],"author":[{"embeddable":true,"href":"https:\/\/lehrerrundmail.de\/wordpress\/wp-json\/wp\/v2\/users\/1"}],"replies":[{"embeddable":true,"href":"https:\/\/lehrerrundmail.de\/wordpress\/wp-json\/wp\/v2\/comments?post=2315"}],"version-history":[{"count":6,"href":"https:\/\/lehrerrundmail.de\/wordpress\/wp-json\/wp\/v2\/pages\/2315\/revisions"}],"predecessor-version":[{"id":3163,"href":"https:\/\/lehrerrundmail.de\/wordpress\/wp-json\/wp\/v2\/pages\/2315\/revisions\/3163"}],"wp:featuredmedia":[{"embeddable":true,"href":"https:\/\/lehrerrundmail.de\/wordpress\/wp-json\/wp\/v2\/media\/2397"}],"wp:attachment":[{"href":"https:\/\/lehrerrundmail.de\/wordpress\/wp-json\/wp\/v2\/media?parent=2315"}],"curies":[{"name":"wp","href":"https:\/\/api.w.org\/{rel}","templated":true}]}}